52*d**2 - 66*d + 543. Calculate h(18).
3
Let v(y) = 2*y**3 - 217*y**2 + 131*y - 2669. Determine v(108).
-185
Let v(m) = -9*m + 540. Calculate v(48).
108
Let w(x) = 3994*x - 35. Determine w(0).
-35
Let n(y) = 10*y**3 + 204*y**2 - 134*y - 171. Determine n(-21).
-3
Let g(j) = -2*j**2 + 7*j + 43. What is g(7)?
-6
Let p(c) = -333*c - 7658. Determine p(-23).
1
Let c(a) = a**3 + 10*a**2 + 19*a + 150. What is c(-7)?
164
Let m(y) = y**2 + 43*y + 170. Calculate m(-39).
14
Let s(i) = -32*i**3 - 212*i**2 - 209*i. Give s(-1).
29
Let j(v) = v**2 - 25*v - 488. Determine j(48).
616
Let t(w) = 6*w**3 + 5*w**2 - 2*w - 9. Give t(-3).
-120
Let y(v) = 14*v + 1610. Determine y(-80).
490
Let d(l) = -387*l - 4252. What is d(-11)?
5
Let n(x) = -657*x + 22352. Determine n(34).
14
Let p(g) = -g**3 - 141*g**2 - 1543*g + 643. What is p(-129)?
-2
Let h(c) = 13538*c - 13536. Calculate h(1).
2
Let x(b) = 115*b**2 + 3456*b + 183. Determine x(-30).
3
Let o(n) = 13666*n - 68324. Give o(5).
6
Let q(i) = 3*i**3 - 145*i**2 - 95*i - 124. What is q(49)?
23
Let w(r) = 215*r - 17404. Give w(81).
11
Let j(g) = -g**3 + 67*g**2 - 5*g + 301. Calculate j(67).
-34
Let p(r) = 7*r**2 + 9. Determine p(6).
261
Let k(g) = -g**2 + 112*g - 2414. Give k(29).
-7
Let k(o) = -8*o**2 + 145*o - 977. Calculate k(7).
-354
Let h(l) = l**3 - 35*l**2 + 12*l + 748. What is h(34)?
0
Let k(y) = 2*y**3 + y**2 + 40*y + 106. What is k(-3)?
-59
Let d(o) = -o**3 + 62*o**2 - 239*o + 400. Calculate d(58).
-6
Let s(a) = a**3 - a**2 - 8*a - 38. What is s(-4)?
-86
Let k(a) = -14*a + 2083. Calculate k(153).
-59
Let y(l) = l**2 - 21*l - 944. What is y(-22)?
2
Let f(x) = 3*x**3 - 38*x**2 + 42*x + 138. Give f(11).
-5
Let i(g) = 90*g + 20403. Give i(-227).
-27
Let b(s) = s**3 - 25*s**2 + 126*s + 38. Determine b(9).
-124
Let d(q) = -q**3 - 28*q**2 - 24*q - 45. Give d(-27).
-126
Let q(a) = 18*a + 469. Give q(-27).
-17
Let l(o) = o**3 - 7*o**2 - 47*o + 283. Calculate l(8).
-29
Let h(i) = -4*i**2 + 714*i - 4134. Determine h(6).
6
Let z(d) = -d**3 + 30*d**2 + 220*d + 177. Give z(36).
321
Let g(i) = i**2 + 1585*i - 1586. Determine g(1).
0
Let s(f) = -257*f + 31629. Calculate s(123).
18
Let f(a) = -692*a - 184760. Calculate f(-267).
4
Let o(n) = 553*n - 5. Give o(0).
-5
Let z(h) = -5*h - 309. What is z(-38)?
-119
Let l(d) = d**3 - 53*d**2 + 24*d - 659. Give l(53).
613
Let n(b) = -2704*b + 54083. What is n(20)?
3
Let w(k) = -2*k**2 + 14*k + 82. What is w(11)?
-6
Let t(k) = 318*k - 4957. Calculate t(15).
-187
Let s(c) = 23*c - 83. Give s(5).
32
Let r(v) = 20*v**3 - 82*v**2 - 4*v + 41. What is r(4)?
-7
Let w(x) = x**2 - 49*x - 1199. Give w(-18).
7
Let d(h) = -9812*h + 58871. Give d(6).
-1
Let c(v) = -2*v**2 + 1011*v + 48350. Determine c(-44).
-6
Let g(h) = -h**3 + 57*h**2 - 113*h + 136. Give g(55).
-29
Let r(c) = -14*c - 59. Determine r(1).
-73
Let g(c) = 193*c + 780. Give g(-4).
8
Let y(t) = -138*t - 1376. Calculate y(-10).
4
Let m(d) = d**2 + 8*d - 583. Calculate m(-29).
26
Let i(k) = -30*k**2 - 15*k + 41. What is i(3)?
-274
Let q(v) = 30*v**2 - 13*v + 10. What is q(1)?
27
Let q(i) = 12*i**2 + 228*i - 258. Give q(-20).
-18
Let f(w) = -2*w**2 - 36*w + 91. Determine f(7).
-259
Let a(l) = l**3 + 17*l**2 - 24*l + 35. Determine a(-18).
143
Let o(w) = 122*w - 26. Give o(-3).
-392
Let s(i) = -i**3 + 63*i**2 - 122*i + 11. Give s(61).
11
Let x(f) = -5800*f + 185601. What is x(32)?
1
Let o(v) = 6*v + 364. Give o(-31).
178
Let u(f) = 3*f**3 + 2*f**2 - 50*f + 70. What is u(-5)?
-5
Let x(l) = l**2 + 27*l + 51. What is x(-19)?
-101
Let u(m) = -6*m**3 + 71*m**2 - 76*m + 214. What is u(11)?
-17
Let q(h) = h**2 - 16*h - 1025. Determine q(-30).
355
Let t(k) = -88*k - 837. What is t(-10)?
43
Let k(m) = m**3 + 8*m**2 + 28*m + 142. Give k(-7).
-5
Let v(g) = g**2 + 52*g + 277. Give v(-46).
1
Let l(i) = 70*i**2 - 562*i + 16. What is l(8)?
0
Let m(l) = l**3 - 34*l**2 + 98*l - 222. What is m(31)?
-67
Let d(g) = g**2 - 856*g - 14833. What is d(-17)?
8
Let r(m) = m**2 - 366*m + 1483. Calculate r(4).
35
Let v(x) = 185*x - 5865. What is v(31)?
-130
Let c(b) = -603*b - 28363. Calculate c(-47).
-22
Let o(l) = 2*l**2 - 180*l + 740. What is o(4)?
52
Let w(l) = -3*l**3 + 125*l**2 - 86*l + 152. Give w(41).
-12
Let l(s) = 35*s - 445. Give l(12).
-25
Let g(x) = -2*x**3 - 100*x**2 - 611*x - 394. Give g(-43).
-7
Let k(x) = x**3 - 31*x**2 + 45*x - 447. Give k(30).
3
Let l(w) = w**2 - 25*w - 7. Calculate l(16).
-151
Let q(u) = -u**3 - 50*u**2 + 54*u - 224. Determine q(-51).
-377
Let f(b) = 112*b - 1103. What is f(10)?
17
Let j(w) = w**3 - 18*w**2 - w + 504. Determine j(16).
-24
Let f(j) = -3*j**2 + 47*j - 64. Give f(15).
-34
Let z(w) = -13*w**2 - 410*w + 13. Give z(-31).
230
Let h(q) = -2*q**2 + 162*q + 8125. Determine h(116).
5
Let k(u) = 131*u**2 - 216*u - 2. Give k(2).
90
Let w(c) = c**2 - 35*c + 187. Determine w(23).
-89
Let m(d) = 302*d**2 - 3*d - 8. What is m(-1)?
297
Let t(n) = 6423*n - 154155. Determine t(24).
-3
Let x(c) = c**2 + 33*c - 125. What is x(-37)?
23
Let m(v) = -165*v**2 + 830*v - 23. Determine m(5).
2
Let c(z) = -2*z**2 + 37*z + 124. Calculate c(28).
-408
Let f(w) = -w**3 - 51*w**2 - 45*w + 75. Give f(-50).
-175
Let w(i) = 2*i**2 + 256*i + 1922. Determine w(-8).
2
Let t(d) = -6*d**2 - 52*d + 148. Determine t(3).
-62
Let k(t) = 9*t + 181. Determine k(-29).
-80
Let g(h) = 13*h**2 - 550*h + 693. Calculate g(41).
-4
Let d(y) = -121*y + 609. Determine d(5).
4
Let f(o) = o**3 - 12*o**2 - 81*o - 38. Calculate f(17).
30
Let z(x) = 3*x**2 - 245*x + 391. Calculate z(80).
-9
Let m(j) = -j**2 + 224*j + 4081. What is m(241)?
-16
Let k(a) = -a**3 + 16*a**2 - 41*a - 10. Give k(5).
60
Let q(w) = -258*w - 30172. Determine q(-117).
14
Let g(a) = -1472*a + 8842. Calculate g(6).
10
Let p(f) = f**3 - 19*f**2 - 19*f + 56. Give p(20).
76
Let y(o) = 89*o - 1314. Give y(12).
-246
Let f(x) = -56*x**3 + 4*x**2 + 75*x + 136. What is f(-2)?
450
Let h(o) = -o**2 - 77*o - 606. What is h(-68)?
6
Let h(v) = 23*v + 563. Give h(-24).
11
Let z(f) = 50*f - 1348. What is z(26)?
-48
Let c(x) = x**2 + 9*x - 655. Determine c(-28).
-123
Let l(h) = -3*h**2 + 61*h + 2610. What is l(-21)?
6
Let s(d) = 5*d**2 - 2*d - 35. Give s(6).
133
Let i(m) = 29*m + 1678. Give i(-58).
-4
Let m(b) = 72*b - 881. Determine m(12).
-17
Let l(y) = 56*y - 625. Calculate l(11).
-9
Let v(d) = -182*d - 1651. What is v(-8)?
-195
Let p(z) = 4*z**2 - 161*z - 648. Give p(-4).
60
Let k(l) = -l**3 - 36*l**2 - 158*l - 33. Calculate k(-31).
60
Let q(j) = 23*j**2 - 86*j + 10. Determine q(8).
794
Let r(p) = -5*p**3 + 6*p**2 + 46*p - 48. Give r(1).
-1
Let u(l) = -807*l - 7273. Give u(-9).
-10
Let l(u) = 122*u + 129. Calculate l(-2).
-115
Let d(y) = 2*y + 113. Calculate d(-12).
89
Let u(t) = -2*t**2 + 84. Give u(-6).
12
Let n(i) = i**3 - 13*i**2 - 16*i - 1. Determine n(13).
-209
Let s(p) = -43*p + 612. Determine s(13).
53
Let c(u) = 20*u - 66. What is c(7)?
74
Let k(a) = a**3 - 26*a**2 - 253*a - 653. Calculate k(34).
-7
Let f(j) = 11134*j + 55682. What is f(-5)?
12
Let y(k) = -5*k - 217. Determine y(26).
-347
Let z(y) = 827*y + 9919. What is z(-12)?
-5
Let a(l) = -l**2 - 57*l - 17. Give a(-56).
39
Let t(h) = -2*h**3 - 73*h**2 - 51*h - 278. Determine t(-36).
262
Let x(u) = 28*u - 470. What is x(17)?
6
Let m(o) = 579*o - 24916. Give m(43).
-19
Let v(h) = 116*h + 4997. Give v(-43).
9
Let u(o) = -o**2 - 155*o + 1823. Determine u(11).
-3
Let y(g) = g**2 - 31*g - 39. What is y(35)?
101
Let x(v) = v + 68. Give x(-65).
3
Let u(v) = -59*v - 2402. Determine u(-41).
17
Let h(s) = 2*s**3 - 101*s**2 + 50*s + 18. Determine h(50).
18
Let d(p) = -7*p + 31. Determine d(4).
3
Let j(c) = -167*c - 7511. Calculate j(-45).
4
Let x(q) = -q**3 - 17*q**2 + 23*q + 200. Calculate x(-18).
110
Let s(d) = 9*d - 77. Calculate s(8).
-5
Let a(y) = y**3 + 12*y**2 - 2*y - 1. Calculate a(-10).
219
Let a(p) = -p**3 + 6*p**2 - 13*p + 4. Give a(4).
-16
Let u(b) = 44*b - 5851. Determine u(133).
1
Let f(y) = -4*y**2 - 122*y - 64. What is f(-30)?
-4
Let z(g) = 6*g**2 + 886*g + 2294. Determine z(-145).
-26
Let c(z) = z**3 - 78*z**2 + 893*z + 195. Give c(64).
3
Let f(i) = i**3 - 21*i**2 - 25*i + 56. What is f(22)?
-10
Let r(t) = 1071*t + 11807. Determine r(-11).
26
Let p(j) = j**3 - 8*j**2 - 23*j - 34. Calculate p(11).
76
Let n(d) = -2*d**2 - 30*d - 17. What is n(-16)?
-4